-2 - h/(-4). Let q = -32 + 48. What is the highest common factor of q and m?
16
Let z(x) = -14*x**3 - 4*x - 1. Let r be z(-2). Calculate the highest common divisor of 17 and r.
17
Suppose -5*q - 4*w + 52 = -25, -3*w + 22 = q. Calculate the highest common factor of 117 and q.
13
Let o be (-2)/(-5) + (-384)/(-40). What is the greatest common divisor of o and 110?
10
Suppose 3*n - 9 = 3*u + 24, -3*u - 13 = -n. Calculate the highest common factor of n and 2.
2
Suppose 3*y = 24 + 234. What is the highest common divisor of y and 215?
43
Let x = -3 - -7. Let i be (6 - 2) + x + 44. What is the greatest common factor of i and 26?
26
Suppose -8*h = -185 - 79. What is the greatest common factor of h and 33?
33
Let y be -4 + ((-2)/1 - 0). Let t = 2 - y. Let u be t + (6/1)/(-3). What is the highest common divisor of u and 4?
2
Let s be -256*28/14*(-1)/2. Calculate the greatest common divisor of s and 32.
32
Let k = -8 - -11. Suppose 4*c = 6*c + 3*o - 29, -1 = 2*c - k*o. Calculate the highest common factor of 28 and c.
7
Suppose -78 = -2*n + 3*f, -n + f + 39 = -3*f. Let l = 1 - 4. Let q = l + n. What is the highest common factor of 24 and q?
12
Let z(n) = 10*n**2 + 3*n. Let t be z(-3). Calculate the greatest common factor of 9 and t.
9
Let j(r) = -r**2 - 4*r - 1. Let y be j(-3). Suppose -2*k = -h - 14, -3*k + h - 3*h = -7. What is the highest common factor of k and y?
1
Let x(z) = -2*z**3 - 2*z**2 - 2*z + 4. Let p be x(-3). Suppose 4*b - 49 = -4*h + 15, 2*b - p = 5*h. Calculate the highest common factor of b and 2.
2
Let a be (0*1/3)/(-2). Suppose -3*s + s + 22 = a. What is the greatest common divisor of s and 88?
11
Let p be 2/(-15) - (-1 + (-771)/45). What is the greatest common divisor of 63 and p?
9
Suppose 0 = i - 3*i. Suppose -3*k + 4*c + 119 = 0, i*c - 2*c = 5*k - 233. What is the highest common factor of k and 9?
9
Let z = 209 - 191. Calculate the greatest common factor of 18 and z.
18
Let l be (-131)/(-7) + ((-235)/35 - -7). What is the highest common divisor of 19 and l?
19
Let n = 10 - 6. Suppose k = -n*k - 10. Let a be k/6*(-1 + -8). Calculate the highest common divisor of 2 and a.
1
Let v(m) = -17*m - 43. Let y be v(-11). What is the highest common factor of y and 16?
16
Let m(g) = -71*g - 1. Let w be m(-1). Let c = 10 + 4. Calculate the greatest common divisor of c and w.
14
Let q be 4*2*12/16. Let w(a) = 2*a**2 - 7*a - 5. Let b be w(q). Calculate the highest common divisor of 10 and b.
5
Suppose -3*d - 108 = -6*d. Suppose -8*w + 11*w = 72. What is the greatest common divisor of w and d?
12
Suppose 1 = -5*o - 2*v + 68, -2*o + 2*v + 24 = 0. Calculate the greatest common factor of 65 and o.
13
Suppose 5*z = 8*z - 27. Calculate the greatest common divisor of 81 and z.
9
Let t(f) = -137*f**2 + 7*f - 2. Let u(d) = -206*d**2 + 11*d - 3. Let j(b) = -8*t(b) + 5*u(b). Let o be j(1). Calculate the greatest common factor of 165 and o.
33
Let r(k) = -11*k - 3. Let q be r(-3). Calculate the highest common factor of q and 60.
30
Let q = 16 + -9. Let o = q - 31. Let h = o - -128. What is the highest common factor of 13 and h?
13
Suppose -5*n + m = -2251, 4*n + m = 4*m + 1792. Let i be (-88)/24*(-72)/(-1). Let g = i + n. Calculate the highest common factor of 17 and g.
17
Suppose -20 = 3*a + 2*a. Let w(f) = -f**3 - 5*f**2 - 5*f - 2. Let l be w(a). Let g = l + 1. What is the greatest common factor of g and 21?
3
Let v(r) = -r + 85. Let u be v(0). Let a = -32 + 49. Calculate the greatest common divisor of u and a.
17
Let c(a) = a**2 + 5*a + 6. Let r(z) = z - 11. Let v = 7 + -1. Let l be r(v). Let o be c(l). Calculate the greatest common factor of 12 and o.
6
Let a(t) = t - 2. Let y be a(4). Suppose -y*g - 34 = -3*g. Let z(c) = 6*c - 1. Let m be z(3). Calculate the greatest common factor of g and m.
17
Let t(w) = 28*w - 1. Let r be t(-1). Let y = r - -49. What is the highest common divisor of 20 and y?
20
Suppose k - h - 54 = 0, 2*k + 2*k + h = 206. What is the highest common factor of k and 39?
13
Suppose -49 = -3*d + 5*r, 2*r - 4 - 10 = -3*d. Suppose -u + 64 = 4*g, -4*g = -2*u - 0*u + 152. Calculate the highest common factor of u and d.
8
Let n(m) = 52*m - 2. Let j be n(1). Suppose 2*u = 7*u - j. Calculate the greatest common factor of u and 15.
5
Let n be ((-652)/(-6))/((-2)/3). Let w be 2 - 1 - (-4 + n). What is the highest common factor of 24 and w?
24
Suppose -4 = -2*p + 3*p, -5*p = 3*q - 10. Let b be 2*(-4)/8 - 2. Let v be -1 - ((-204)/3 + b). What is the highest common divisor of q and v?
10
Let c be 6/(-15) + 167/5. Suppose 110 = 2*f + 3*f + 2*k, 0 = 4*k. Calculate the highest common divisor of f and c.
11
Let a = 1 - -3. Let c(n) be the second derivative of n**5/20 - n**4/3 + n**3/2 + 2*n**2 + 6*n. Let w be c(a). What is the highest common divisor of 40 and w?
8
Suppose 4*y = -4*u + 320, 0*y + 2*y = 3*u + 160. Suppose 96 = -z + 4*z. What is the greatest common divisor of y and z?
16
Suppose 5*y + 63 = 4*t, -t - 2*y + 0*y = -6. What is the greatest common divisor of 60 and t?
12
Suppose m = -4*m - 15. Let v(l) = 4*l**2 + 4*l. Let q be v(m). Calculate the greatest common factor of 16 and q.
8
Let f(w) = w**2 + 5*w - 9. Suppose -5*n = -10*n - 5. Let x be -8 + (n - (-4 + 2)). Let s be f(x). What is the highest common factor of s and 35?
5
Let c = 48 + 78. Calculate the highest common factor of c and 18.
18
Let f(j) = j**3 - 6*j**2 + 11*j + 2. Let z be f(5). Calculate the greatest common divisor of 32 and z.
32
Let h(r) = 43*r**2 + r + 1. Let v be h(-2). What is the highest common divisor of v and 19?
19
Suppose -9*b + 20 = -4*b. Calculate the greatest common divisor of b and 44.
4
Let z = -2 + 4. Suppose 2*q - 393 = -q. Suppose q = 5*h + z*j, -2*h - 3*h + 3*j = -116. Calculate the greatest common factor of h and 10.
5
Let s(c) = -c + 1. Let l be s(-1). Suppose -l*k + 29 = -29. Suppose 2*o = -a + k, 3*a + 12 = o + 4*a. What is the greatest common factor of 187 and o?
17
Suppose 2*p = -2*p + 40. What is the greatest common divisor of p and 110?
10
Let l = 39 + -30. What is the highest common factor of l and 6?
3
Let l(w) = 8*w**2 + w + 2. Let j be l(-2). Suppose 3*u - 2*k = -u + j, 4*u + 5*k - 46 = 0. What is the highest common divisor of u and 63?
9
Let t = 164 - 137. Calculate the highest common factor of t and 72.
9
Let b be 8/(-4) + 136 + -1. Calculate the highest common divisor of b and 19.
19
Suppose -30*q + 27*q + 6 = 0. What is the highest common divisor of 8 and q?
2
Let p be (-1)/4 + 168/32. Suppose i = p*i, -3*g - i = -36. Calculate the greatest common factor of 2 and g.
2
Suppose 0 = -5*n - 5*o + 185, 4*o = 4*n - 43 - 97. Let d = -25 + n. Calculate the greatest common factor of d and 33.
11
Let m = -11 + 22. Let f be (-18)/(-8)*(-16)/4. Let r(w) = w + 20. Let a be r(f). Calculate the highest common divisor of m and a.
11
Let p be -14*(0 + 3/(-2)). Let a be (-6)/8 + 3/(-12). Let w be ((-36)/2)/(-3) - a. What is the highest common factor of w and p?
7
Suppose -3*a - 5*b = -10*b + 117, -135 = 3*a + b. Let g = a - -74. What is the highest common divisor of g and 75?
15
Suppose 18*p = 17*p + 30. Calculate the highest common factor of 60 and p.
30
Suppose -8 - 20 = -3*o + 4*t, -3*o + 25 = -t. Suppose -4*z - 3 = -z - u, 4*z + 4 = -4*u. Let d = z + o. What is the greatest common divisor of 49 and d?
7
Let d(r) = -r**3 + 7*r**2 - 5*r + 3. Let y be d(4). Suppose -389 - y = -5*w. What is the greatest common divisor of 12 and w?
12
Let o be (150 - 4) + (2 + -2 - 2). What is the highest common divisor of o and 16?
16
Let h be (-2)/9 + 29/9. Suppose 58 = t + 4*t + u, 56 = 4*t - 4*u. What is the greatest common factor of t and h?
3
Let l = 12 + -1. Calculate the greatest common factor of l and 33.
11
Suppose -7*p + 2*p + 85 = 0. What is the highest common factor of 17 and p?
17
Suppose -d = -5*u + 45, 0 = u + 5*d - 42 + 7. Let f be 0 - -1*2 - -38. What is the greatest common divisor of u and f?
10
Suppose d + 397 = 6*g - g, -4*g - d + 323 = 0. Suppose -4*x - x = -g. Let r = 10 - -6. What is the greatest common divisor of x and r?
16
Suppose 4*h = -0*h - 28. Let v = 55 + h. Calculate the greatest common factor of v and 72.
24
Let x(t) = t**3 + 2*t**2 + 2*t + 1. Let a be x(-1). Suppose 5*q + a = 30. What is the highest common factor of q and 9?
3
Let k be -2